
2, 3, 23039
List the prime factors of 2030.
2, 5, 7, 29
What are the prime factors of 5648?
2, 353
What are the prime factors of 11662?
2, 7, 17
List the prime factors of 12986.
2, 43, 151
List the prime factors of 16317.
3, 7, 37
What are the prime factors of 1472?
2, 23
List the prime factors of 4695.
3, 5, 313
List the prime factors of 404.
2, 101
What are the prime factors of 27283?
27283
List the prime factors of 1272.
2, 3, 53
List the prime factors of 658.
2, 7, 47
What are the prime factors of 19612?
2, 4903
What are the prime factors of 40174?
2, 53, 379
List the prime factors of 4715.
5, 23, 41
List the prime factors of 4471.
17, 263
List the prime factors of 481.
13, 37
What are the prime factors of 1400?
2, 5, 7
List the prime factors of 6332.
2, 1583
List the prime factors of 5413.
5413
List the prime factors of 69692.
2, 7, 19, 131
What are the prime factors of 710?
2, 5, 71
What are the prime factors of 16859?
23, 733
List the prime factors of 2389.
2389
List the prime factors of 4042.
2, 43, 47
What are the prime factors of 994?
2, 7, 71
What are the prime factors of 4373?
4373
What are the prime factors of 3099?
3, 1033
What are the prime factors of 131140?
2, 5, 79, 83
List the prime factors of 3035.
5, 607
What are the prime factors of 98520?
2, 3, 5, 821
List the prime factors of 52570.
2, 5, 7, 751
What are the prime factors of 958?
2, 479
What are the prime factors of 3526?
2, 41, 43
List the prime factors of 14898.
2, 3, 13, 191
What are the prime factors of 1278?
2, 3, 71
List the prime factors of 406.
2, 7, 29
What are the prime factors of 42439?
31, 37
List the prime factors of 38643.
3, 11, 1171
List the prime factors of 1195.
5, 239
List the prime factors of 49539.
3, 7, 337
List the prime factors of 2280.
2, 3, 5, 19
List the prime factors of 70346.
2, 17, 2069
What are the prime factors of 1979?
1979
What are the prime factors of 99?
3, 11
What are the prime factors of 1214?
2, 607
What are the prime factors of 2241?
3, 83
List the prime factors of 32946.
2, 3, 17, 19
List the prime factors of 84139.
11, 7649
List the prime factors of 215.
5, 43
What are the prime factors of 68575?
5, 13, 211
List the prime factors of 3808.
2, 7, 17
List the prime factors of 304.
2, 19
What are the prime factors of 1342?
2, 11, 61
List the prime factors of 172087.
37, 4651
List the prime factors of 2792.
2, 349
List the prime factors of 768.
2, 3
What are the prime factors of 732?
2, 3, 61
What are the prime factors of 869?
11, 79
What are the prime factors of 10228?
2, 2557
What are the prime factors of 26547?
3, 8849
List the prime factors of 39266.
2, 29, 677
What are the prime factors of 30627?
3, 41, 83
List the prime factors of 17014.
2, 47, 181
List the prime factors of 1596.
2, 3, 7, 19
What are the prime factors of 990?
2, 3, 5, 11
List the prime factors of 20223.
3, 7, 107
What are the prime factors of 1968?
2, 3, 41
What are the prime factors of 2393?
2393
List the prime factors of 8612.
2, 2153
List the prime factors of 779.
19, 41
List the prime factors of 56952.
2, 3, 7, 113
List the prime factors of 11427.
3, 13, 293
What are the prime factors of 72014?
2, 36007
List the prime factors of 12337.
13, 73
What are the prime factors of 34?
2, 17
List the prime factors of 36623.
53, 691
List the prime factors of 5788.
2, 1447
What are the prime factors of 45649?
191, 239
List the prime factors of 16531.
61, 271
List the prime factors of 2371.
2371
What are the prime factors of 739?
739
What are the prime factors of 11101?
17, 653
List the prime factors of 3055.
5, 13, 47
List the prime factors of 1078.
2, 7, 11
What are the prime factors of 9402?
2, 3, 1567
List the prime factors of 3379.
31, 109
What are the prime factors of 12476?
2, 3119
What are the prime factors of 154784?
2, 7, 691
List the prime factors of 905.
5, 181
List the prime factors of 3120.
2, 3, 5, 13
List the prime factors of 21926.
2, 19, 577
What are the prime factors of 302?
2, 151
What are the prime factors of 27775?
5, 11, 101
What are the prime factors of 2872?
2, 359
List the prime factors of 2113.
2113
What are the prime factors of 12632?
2, 1579
List the prime factors of 4430.
2, 5, 443
List the prime factors of 260.
2, 5, 13
What are the prime factors of 3697?
3697
What are the prime factors of 28?
2, 7
List the prime factors of 110623.
110623
What are the prime factors of 30092?
2, 7523
List the prime factors of 51142.
2, 7, 13, 281
What are the prime factors of 3483?
3, 43
What are the prime factors of 81865?
5, 7, 2339
What are the prime factors of 75021?
3, 17, 1471
What are the prime factors of 156043?
17, 67, 137
What are the prime factors of 904?
2, 113
What are the prime factors of 15568?
2, 7, 139
What are the prime factors of 37588?
2, 9397
List the prime factors of 14448.
2, 3, 7, 43
What are the prime factors of 23497?
23497
List the prime factors of 10640.
2, 5, 7, 19
List the prime factors of 1966.
2, 983
List the prime factors of 6292.
2, 11, 13
List the prime factors of 4117.
23, 179
What are the prime factors of 3469?
3469
What are the prime factors of 879?
3, 293
List the prime factors of 1341.
3, 149
List the prime factors of 10633.
7, 31
What are the prime factors of 18241?
17, 29, 37
List the prime factors of 31125.
3, 5, 83
List the prime factors of 4694.
2, 2347
List the prime factors of 51962.
2, 25981
List the prime factors of 60184.
2, 7523
What are the prime factors of 564?
2, 3, 47
What are the prime factors of 60457?
60457
What are the prime factors of 2171?
13, 167
What are the prime factors of 2001?
3, 23, 29
What are the prime factors of 5018?
2, 13, 193
List the prime factors of 53978.
2, 137, 197
What are the prime factors of 22468?
2, 41, 137
List the prime factors of 69256.
2, 11, 787
List the prime factors of 30317.
7, 61, 71
What are the prime factors of 1465?
5, 293
List the prime factors of 1139.
17, 67
What are the prime factors of 8478?
2, 3, 157
List the prime factors of 60935.
5, 7, 1741
What are the prime factors of 2262?
2, 3, 13, 29
What are the prime factors of 5288?
2, 661
What are the prime factors of 629?
17, 37
What are the prime factors of 41822?
2, 11, 1901
List the prime factors of 847.
7, 11
List the prime factors of 32.
2
List the prime factors of 12781.
12781
What are the prime factors of 11379?
3, 3793
List the prime factors of 379.
379
What are the prime factors of 6399?
3, 79
What are the prime factors of 1831?
1831
What are the prime factors of 4748?
2, 1187
List the prime factors of 1465.
5, 293
List the prime factors of 85908.
2, 3, 7159
What are the prime factors of 6842?
2, 11, 311
List the prime factors of 69.
3, 23
List the prime factors of 88105.
5, 67, 263
What are the prime factors of 6491?
6491
What are the prime factors of 5241?
3, 1747
What are the prime factors of 26431?
26431
List the prime factors of 374.
2, 11, 17
List the prime factors of 110726.
2, 7, 11, 719
What are the prime factors of 69?
3, 23
List the prime factors of 74.
2, 37
List the prime factors of 4410.
2, 3, 5, 7
List the prime factors of 3889.
3889
What are the prime factors of 4379?
29, 151
List the prime factors of 21.
3, 7
List the prime factors of 1147.
31, 37
What are the prime factors of 8367?
3, 2789
List the prime factors of 13035.
3, 5, 11, 79
List the prime factors of 673.
673
What are the prime factors of 629?
17, 37
What are the prime factors of 1738?
2, 11, 79
List the prime factors of 14222.
2, 13, 547
What are the prime factors of 1046?
2, 523
List the prime factors of 21940.
2, 5, 1097
What are the prime factors of 6784?
2, 53
What are the prime factors of 1626?
2, 3, 271
List the prime factors of 1242.
2, 3, 23
List the prime factors of 627.
3, 11, 19
List the prime factors of 2060.
2, 5, 103
List the prime factors of 1312.
2, 41
List the prime factors of 181.
181
List the prime factors of 764.
2, 191
List the prime factors of 42427.
7, 11, 19, 29
List the prime factors of 15661.
15661
List the prime factors of 16476.
2, 3, 1373
What are the prime factors of 8992?
2, 281
What are the prime factors of 40208?
2, 7, 359
What are the prime factors of 884?
2, 13, 17
List the prime factors of 7230.
2, 3, 5, 241
List the prime factors of 1848.
2, 3, 7, 11
List the prime factors of 3314.